?
94
What is the highest common divisor of 306 and 342?
18
What is the greatest common factor of 544 and 204?
68
What is the highest common divisor of 220 and 1500?
20
Calculate the highest common factor of 93 and 3.
3
Calculate the greatest common factor of 66 and 99.
33
Calculate the greatest common divisor of 2037 and 21.
21
Calculate the highest common factor of 9205 and 14.
7
Calculate the highest common factor of 14 and 98.
14
Calculate the highest common factor of 32 and 50.
2
Calculate the highest common factor of 124 and 16151.
31
What is the greatest common divisor of 176 and 432?
16
What is the greatest common factor of 70 and 3430?
70
Calculate the greatest common factor of 832 and 13.
13
Calculate the highest common factor of 72 and 117.
9
Calculate the highest common factor of 4203 and 27.
9
What is the greatest common divisor of 144 and 444?
12
Calculate the highest common divisor of 2366 and 78.
26
Calculate the greatest common factor of 62 and 465.
31
What is the greatest common factor of 81481 and 17?
17
What is the greatest common divisor of 110 and 10?
10
What is the highest common divisor of 48 and 7536?
48
What is the greatest common divisor of 2 and 17?
1
What is the highest common factor of 364 and 1352?
52
What is the highest common divisor of 650 and 11960?
130
Calculate the greatest common factor of 1390 and 20.
10
What is the highest common divisor of 5285 and 14?
7
What is the greatest common divisor of 522 and 87?
87
Calculate the highest common divisor of 3325 and 133.
133
What is the highest common factor of 208 and 2?
2
What is the highest common divisor of 195 and 165?
15
Calculate the highest common divisor of 209 and 253.
11
Calculate the greatest common divisor of 14 and 553.
7
Calculate the greatest common divisor of 869 and 79.
79
Calculate the greatest common factor of 3 and 393.
3
What is the greatest common divisor of 9 and 27?
9
What is the highest common factor of 119 and 680?
17
Calculate the greatest common divisor of 5 and 195.
5
Calculate the greatest common divisor of 89 and 2759.
89
What is the highest common factor of 3792 and 48?
48
Calculate the greatest common factor of 68 and 6.
2
Calculate the highest common divisor of 2 and 358.
2
Calculate the greatest common divisor of 30 and 680.
10
Calculate the highest common divisor of 475 and 19.
19
What is the greatest common factor of 286 and 594?
22
What is the greatest common divisor of 1345 and 2421?
269
Calculate the highest common divisor of 78 and 6942.
78
Calculate the greatest common factor of 1476 and 1558.
82
What is the greatest common factor of 22912 and 179?
179
Calculate the greatest common factor of 32 and 4000.
32
Calculate the highest common factor of 150 and 8350.
50
Calculate the highest common divisor of 829 and 1.
1
What is the greatest common factor of 59 and 2655?
59
Calculate the greatest common factor of 10 and 20.
10
What is the highest common factor of 6 and 147?
3
Calculate the greatest common divisor of 2436 and 378.
42
What is the highest common divisor of 159 and 69?
3
What is the highest common factor of 784 and 608?
16
What is the highest common factor of 71 and 2?
1
What is the highest common divisor of 525 and 375?
75
Calculate the greatest common divisor of 35 and 1085.
35
Calculate the greatest common divisor of 1030 and 10.
10
What is the highest common divisor of 54 and 4239?
27
What is the highest common divisor of 2 and 8958?
2
Calculate the highest common factor of 5 and 305.
5
Calculate the greatest common factor of 30 and 66.
6
What is the highest common factor of 80 and 920?
40
Calculate the highest common divisor of 1265 and 11.
11
Calculate the greatest common divisor of 53 and 4.
1
What is the greatest common factor of 1173 and 2415?
69
Calculate the highest common factor of 190 and 1045.
95
Calculate the greatest common factor of 816 and 48.
48
Calculate the greatest common factor of 86 and 8342.
86
Calculate the greatest common divisor of 16 and 280.
8
Calculate the highest common factor of 1278 and 71.
71
What is the highest common divisor of 2257 and 549?
61
Calculate the highest common divisor of 990 and 450.
90
Calculate the greatest common factor of 858 and 1.
1
What is the highest common factor of 5649 and 231?
21
Calculate the greatest common divisor of 2835 and 693.
63
What is the greatest common divisor of 184 and 115?
23
Calculate the highest common divisor of 15 and 240.
15
What is the highest common factor of 228 and 1216?
76
Calculate the highest common factor of 256 and 1008.
16
What is the highest common factor of 24 and 42?
6
What is the greatest common divisor of 187 and 33?
11
What is the greatest common divisor of 70 and 535?
5
Calculate the highest common factor of 52 and 20.
4
What is the greatest common divisor of 621 and 46?
23
Calculate the greatest common factor of 108 and 84.
12
Calculate the greatest common divisor of 112 and 378.
14
What is the greatest common divisor of 11235 and 105?
105
What is the highest common divisor of 1612 and 91?
13
What is the greatest common factor of 13345 and 17?
17
What is the highest common divisor of 3 and 205?
1
Calculate the greatest common divisor of 19926 and 18.
18
Calculate the greatest common divisor of 91 and 325.
13
What is the greatest common divisor of 92 and 4278?
46
What is the highest common divisor of 5240 and 15?
5
What is the highest common factor of 160 and 680?
40
Calculate the greatest common factor of 486 and 12.
6
Calculate the greatest common factor of 764 and 4.
4
What is the highest common factor of 1219 and 46?
23
What is the greatest common factor of 1932 and 84?
84
Calculate the greatest common factor of 845 and 11492.
169
What is the greatest common divisor of 27 and 4401?
27
Calculate the greatest common factor of 150 and 30.
30
What is the greatest common factor of 6516 and 36?
36
Calculate the highest common divisor of 679 and 97.
97
Calculate the highest common factor of 13 and 39.
13
What is the greatest common divisor of 11 and 59191?
11
What is the greatest common divisor of 592 and 851?
37
What is the greatest common divisor of 279 and 9?
9
What is the highest common divisor of 56 and 504?
56
What is the greatest common divisor of 2014 and 38?
38
Calculate the highest common divisor of 3 and 73.
1
Calculate the greatest common factor of 360 and 10296.
72
What is the highest common factor of 68822 and 13?
13
What is the greatest common divisor of 23 and 1932?
23
Calculate the greatest common divisor of 908 and 84.
4
Calculate the highest common divisor of 11 and 2321.
11
What is the greatest common factor of 52 and 429?
13
What is the highest common factor of 266 and 152?
38
Calculate the greatest common divisor of 3 and 402.
3
What is the highest common divisor of 190 and 110?
10
Calculate the highest common divisor of 34 and 1513.
17
Calculate the greatest common divisor of 96 and 5424.
48
What is the highest common divisor of 124 and 30380?
124
What is the highest common divisor of 682 and 99?
11
What is the highest common factor of 688 and 6708?
172
Calculate the greatest common divisor of 469 and 7.
7
What is the highest common factor of 98 and 322?
14
Calculate the highest common divisor of 527 and 4278.
31
What is the highest common factor of 6128 and 112?
16
Calculate the greatest common factor of 13 and 923.
13
Calculate the highest common factor of 54 and 2.
2
What is the greatest common factor of 18382 and 404?
202
What is the greatest common factor of 32065 and 265?
265
Calculate the highest common factor of 1584 and 330.
66
Calculate the greatest common divisor of 1209 and 104.
13
Calculate the greatest common factor of 4424 and 2054.
158
Calculate the highest common divisor of 155 and 124.
31
Calculate the highest common divisor of 767 and 177.
59
What is the highest common divisor of 14499 and 358?
179
What is the greatest common factor of 39 and 416?
13
What is the greatest common divisor of 89 and 2848?
89
What is the greatest common divisor of 2097 and 9?
9
Calculate the highest common divisor of 92 and 138.
46
What is the highest common divisor of 43 and 903?
43
What is the greatest common factor of 868 and 28?
28
What is the greatest common factor of 1513 and 17?
17
What is t